 + 738. What is the tens digit of s?
1
Let f = -299 - -134. Let y = -58 - f. What is the units digit of y?
7
Let r be -4 - (-4)/(8/14). Suppose 5*a - 24 = 3*y, 5*a + 4*y + 0 = r. What is the units digit of (-69)/(-3) + (a - 3)?
3
What is the tens digit of (-5)/(50/4) - (-5847)/5?
6
Let l(d) = 91*d - 165. What is the hundreds digit of l(16)?
2
Let c be 3/(6/(-4))*2532/24. Let h = c - -409. What is the units digit of h?
8
Let m(f) = f**2 - 3*f + 4. What is the tens digit of m(19)?
0
Suppose -8*w = -9*w + 2. Suppose -3*f + 4*a + 350 = 0, a = 3*a - w. What is the tens digit of (f/2)/(1 - 0)?
5
Suppose 0 = -2*g + 2*o + 30, 3*g = 2*g + 4*o + 6. Suppose -3 = -3*d + 3*l, -d - 2*l = d - g. What is the tens digit of (d - -1)*(-98)/(-28)?
2
Let c(w) = -w**3 + 12*w**2 - 10*w + 13. Let y be c(11). Let p = -12 + y. What is the tens digit of p?
1
Suppose 0 = 8*b - 13*b + 15. Suppose 3*g - 325 = a, b*g = 4*g + 2*a - 99. What is the tens digit of g?
0
Suppose m - g + 97 + 61 = 0, 0 = 4*m - g + 623. Let p = m - -278. What is the hundreds digit of p?
1
Let y(t) = -t - 1. Let w(v) = -4*v - 43. Let q(u) = -w(u) + 3*y(u). What is the tens digit of q(7)?
4
Suppose 8 + 2 = 5*n. Suppose -5*i + 40 = 4*f, n*f = -f + 3*i + 3. Let l(j) = j**2 - j + 8. What is the units digit of l(f)?
8
Suppose 5 = -5*o - 10, 2*u - 3841 = -3*o. What is the units digit of u?
5
Let r(l) = -l**3 + 4*l**2 - 4*l + 3. Let t be r(3). Suppose -4*k + x - 255 = t, 2*x - x + 135 = -2*k. Let s = 103 + k. What is the tens digit of s?
3
Suppose -10*s + 14*s = 17108. What is the tens digit of s?
7
Let z = -283 - -408. What is the tens digit of z + ((-10)/(-2))/5?
2
Suppose -v + 2*o + 4 + 4 = 0, -3*o - 12 = v. Suppose 5*j + 100 + 380 = v. Let p = -47 - j. What is the tens digit of p?
4
Suppose 3 = x + 4*b, -11 - 1 = -4*x + 5*b. Let j(w) = 5*w**2 - 7*w + 2. Let a be j(-5). Suppose 5*s = -4*h + a - 53, x*s = -9. What is the units digit of h?
1
Suppose -2*h + 3 + 5 = 0. Suppose 3*p + 13 = -4*u, 5*p - h*u + 3*u - 9 = 0. What is the units digit of p/(-2) + (-195)/(-6)?
2
Let t(h) = -35*h**2 - 4*h + 1. Let i(c) = c**2 + c - 1. Let w(l) = -2*i(l) - t(l). What is the tens digit of w(-2)?
2
Let o(w) = w**3 - 4*w + 7. Let t be o(2). Let q(m) = 14*m + 36. What is the tens digit of q(t)?
3
Suppose 189*o - 162 = 183*o. What is the tens digit of o?
2
Let v(r) = 13*r**2 - 11*r - 6. What is the units digit of v(-3)?
4
Let u(z) = -z**3 + 6*z**2 - 2*z + 25. Let t be u(6). Let d(m) = m**3 - 12*m**2 - 9*m + 21. What is the units digit of d(t)?
3
Let q = 122 - 73. Suppose -5*l = 15, 2*u - q - 6 = -l. What is the tens digit of u?
2
Suppose -5*t + 0*k = -2*k + 6, 9 = -2*t + 3*k. Let o(s) = s**2 + 2*s - 57. Let q be o(t). Let l = 124 + q. What is the units digit of l?
7
Let q be 4*(-1 + 91/(-4)). Let c = -46 - q. What is the tens digit of c?
4
Suppose 0 = -12*a + 5083 + 1433. What is the tens digit of a?
4
Suppose 4*s + 28 = 72. Suppose 3*c = w - 17 - s, -2*c + 208 = 5*w. What is the units digit of w?
0
Let f = -308 + 646. What is the tens digit of f?
3
Suppose -2*v = 2*v - 296. What is the units digit of v*3/6 - 2?
5
Suppose -25*y - 2412 = -20412. What is the units digit of y?
0
Let o = 0 - -5. Let n(u) = -2*u - u**2 - o + 8*u - 4 + 5*u. What is the units digit of n(8)?
5
Suppose -22*x = -21*x - 2*v - 904, -3*v = -4*x + 3626. What is the tens digit of x?
0
Let c = -190 + 422. Suppose -4*y - 230 = -5*x + 34, 4*x + 2*y - c = 0. What is the tens digit of x?
5
Let s(c) = 6*c + 3 + 4*c**2 - 5 + 0 - c**3. Let k be s(5). Suppose 3*b + 13 = -k*d + 85, 0 = -3*b + d + 88. What is the tens digit of b?
2
Let z = -8 - 10. Let x = z - 1. Let b = 33 + x. What is the units digit of b?
4
Let p = -6 + 6. Suppose p = 5*j - 9*j + 24. What is the tens digit of (96/9)/(4/j)?
1
Suppose a - 256 = -y, 2*y + 860 = 5*a - 413. What is the units digit of a?
5
Suppose 4*c = s + 391, -5*c + 0*s = 2*s - 505. Suppose -4*k - c = -2*l + 11, 4*l = -4. Let x = -22 - k. What is the units digit of x?
6
Let q be 6/(1/(-2)*(-4 + 1)). Suppose q*j + 20 = 0, -4*n + 0*n + 60 = 4*j. What is the tens digit of n?
2
Suppose 3*x - a - 3*a = 8, 0 = -x - a - 2. Let t(q) = -2*q**3 - 2*q**2 - q + 2. Let g be t(-2). Suppose x = -f - f + g. What is the units digit of f?
6
Let t(f) = 3*f + 2. Let j be t(-9). Let g = j + 35. Let d(z) = z**3 - 9*z**2 - 8*z + 1. What is the tens digit of d(g)?
2
Suppose 0 = a - 10 - 11. Let j = -7 + a. What is the tens digit of j?
1
Let m(h) = -h**2 - 10*h + 13. Let o be m(-12). Let d(y) = 2*y**2 + 18*y - 8. What is the tens digit of d(o)?
3
Let c(v) = -2*v - 7. Let h be c(-5). Let l = -2 - -7. Suppose -l*f = -i - 93, 4*i = h*f - 2*f - 11. What is the units digit of f?
9
Let g = 40 + -37. Suppose -5*q = g*c - 32, -4*c - 14 = -5*c - q. What is the units digit of c?
9
Let d be (-3)/1 + (-6 - -18). Suppose -48 = 6*a - d*a. Suppose -z + 2*z = a. What is the tens digit of z?
1
Suppose -22*i = -25*i + 8253. What is the hundreds digit of i?
7
Suppose -7*h + 2*h = -390. Let y = -35 + h. What is the tens digit of y?
4
Let f(d) = 6*d + 5. Let b be f(7). Let w = b - 43. What is the units digit of w?
4
Let b(j) be the first derivative of j**7/840 + j**6/120 - j**5/30 - j**3 + 3. Let p(o) be the third derivative of b(o). What is the units digit of p(-3)?
2
Suppose -5*n + 3 = -2*n. Suppose 0 = m - 50 + n. Suppose 5*v - 21 = m. What is the tens digit of v?
1
Let v be 2 + 0 + 13/1. Suppose -262 + 55 = -4*j - 3*h, 91 = 2*j - h. Let q = j - v. What is the units digit of q?
3
What is the units digit of (-418)/114 + 341/3?
0
Let d(h) be the third derivative of 0*h**3 + 0*h + 4*h**2 + 0 - 1/12*h**4 + 1/30*h**5. What is the units digit of d(2)?
4
Let k(b) be the third derivative of -b**6/120 - b**5/10 - b**4/24 + b**3/6 - 12*b**2. What is the units digit of k(-8)?
7
Let o(t) = 2*t**2 + 7*t + 4. Let u be o(-9). Suppose -4*v = u - 291. What is the units digit of v?
7
Let x = -6 - -18. Suppose -2*j - 4*k - x = -7*k, -4 = -5*j - k. Suppose 0 = -y - 0*f - f + 23, -2*f = j. What is the tens digit of y?
2
Let z be 4 + -8 - (-1 + -36). Suppose 0 = 4*o - 3 - z. Suppose 10*y - o*y - 60 = 0. What is the units digit of y?
0
Let i be 0/(4 - 20/4). Suppose i*m = m - 1. What is the units digit of m?
1
Let w be (-2)/(-4)*0/9. Suppose w = 3*d + 5*u - 82, -2*d + 5*u = -4*d + 48. What is the units digit of d?
4
Let v = -3994 - -6700. What is the thousands digit of v?
2
Let s(n) = 5*n - 1. Let v = 15 + 7. Suppose -4*r + 2*h + 28 = 0, -2*r - 4*h + 3*h + v = 0. What is the units digit of s(r)?
4
Let l(r) = -r**3 + 5*r**2 + 2*r - 7. Let k be l(5). Let j = k - 6. What is the units digit of 18 - j - (2 - 3)?
2
Let b(u) = u**2 + 2*u - 11. Let j be b(-13). Suppose -6*r + j = -2*r. Let z = r + -21. What is the tens digit of z?
1
Suppose 0 = g + 4*g + 20. Suppose -2*t = -w + 2*t + 24, -5*w + 2*t = -120. What is the units digit of (-1)/g - (-330)/w?
4
Suppose 5705 = 15*b - 1405. What is the units digit of b?
4
Let v(d) be the first derivative of -d**3/3 + 11*d**2/2 + 5*d + 9. What is the tens digit of v(9)?
2
Let c(d) = 3*d**2 - d. Let a be c(3). Suppose 3*v - 132 = a. What is the tens digit of v?
5
Let n be ((-30)/(-8))/((-6)/(-80)). Suppose r = 3*m + m - 136, 5*r + n = 2*m. Let k = m - 21. What is the tens digit of k?
1
Let j(s) = -s**3 + 18*s**2 - s - 28. What is the hundreds digit of j(13)?
8
Suppose 9 = -p - 1. Let r = p - -16. Let z(i) = -i**2 + 11*i - 7. What is the tens digit of z(r)?
2
Let o(j) = -19 + 7*j**2 - j**2 + 3*j + 10*j - 7*j**2. What is the units digit of o(9)?
7
Let u(x) = x**3 + 3*x**2 - x - 1. Let l be u(1). Suppose -c + l*c - 22 = 0. What is the tens digit of c?
2
Suppose -4*u + 8 = -12. Suppose -2*w + u*y = -12, -2*y - 6 = -4*w + 34. What is the units digit of w?
1
Suppose 16 = 3*z - s, -5*z = 2*s - 7 - 5. Suppose -4*l = -t + 162, z*t + 2*l - 174 = 3*t. What is the hundreds digit of t?
1
Suppose 816 = 5*d - 309. Suppose -5*u = -3*o - 4*u + d, 3*o - 5*u = 237. What is the units digit of o?
4
Let c = -6 + -2. What is the units digit of (-682)/c - 2/8?
5
Let i = 19 + -17. Suppose 2*v = -4*x + 16, 4*x = -x - i*v + 21. Suppose 0 = 4*s - x*s + 6. What is the units digit of s?
6
Let r be 36*-3*(-1)/9. Suppose -4*d - 248 = -r*d. What is the tens digit of d?
3
Suppose 34*v = 32*v. Sup